 h(47). Calculate the highest common divisor of 890 and y.
10
Let p be 1/5 - (-320)/25. Suppose 0*w - 2*w = -5*i - 245, -w + 5*i + 115 = 0. What is the greatest common factor of p and w?
13
Let g(l) = -l + l - 12 - 2*l + 4*l. Let a be g(10). Let i = 22 + -14. What is the greatest common divisor of a and i?
8
Let y(v) = v + 14. Suppose 0 = -0*z - 4*z + 44. Let p = z + -17. Let g be y(p). What is the highest common divisor of g and 24?
8
Let i = 1650 - 1623. Let m(s) = -24*s - 9. Let l be m(-6). Calculate the highest common factor of l and i.
27
Suppose 0*c = -k - 5*c - 2, 0 = 3*k - 5*c - 14. Suppose 4 - 7 = y, -k*y + 105 = 3*u. Calculate the greatest common factor of u and 95.
19
Suppose 0 = -5*u + 1 + 9. Suppose 0 = 5*o - 6*o + 2. Suppose u = o*l - 4. What is the greatest common factor of l and 21?
3
Suppose 4*t + 24 = 328. What is the highest common factor of t and 8?
4
Suppose 10 = 2*u - 36. What is the highest common factor of u and 667?
23
Suppose p + 5*c - 106 = -2*p, 2*p + 4*c - 72 = 0. Calculate the highest common factor of 176 and p.
16
Suppose 93 = 5*b + 68. Suppose 3*c + 144 = b*n, -3 = -3*n + 5*c + 93. What is the greatest common factor of 3 and n?
3
Let z be (-1)/(-4) + 27/4. Suppose 2*i - 3*i - 12 = 0. Let x be -3 - i*(0 - -2). What is the highest common divisor of x and z?
7
Let f be -12 + (0 - (2 - 5)). Let i be (21/f)/((-2)/12). Calculate the greatest common factor of i and 7.
7
Suppose 5*y - 3*l - 3284 = 467, y = -5*l + 767. Calculate the highest common divisor of y and 47.
47
Suppose 0 = -p + 3*w + 29, 2*p - 109 = -3*p - 3*w. Calculate the highest common divisor of p and 322.
23
Let l be 222 - 21/(-14)*4. What is the greatest common divisor of 12 and l?
12
Suppose -1 = -3*a + 5. Let m(l) = 2*l - 1. Let n be m(a). Suppose -w = -5*f + 86, n*w - 66 = -3*f - 18. Calculate the greatest common factor of 51 and f.
17
Suppose 0 = -4*l + 1092 - 372. Suppose -v + l + 44 = 0. Calculate the greatest common divisor of v and 28.
28
Let n be (-1)/(-4) + 1638/(-24). Let z be 7/(-14)*n/2. Let v be (-2)/(2 - 144/68). Calculate the highest common divisor of z and v.
17
Let m be ((-16)/10)/(6/(-15)). Suppose 0*n + 28 = m*n. Let w be -3 + -1 - (-4 - n). What is the greatest common factor of 49 and w?
7
Suppose -84 - 42 = -6*p. Suppose -n + 5*w + p = 0, -5*n + 7*w - 3*w = -105. Calculate the greatest common divisor of n and 7.
7
Suppose 6 = -3*z + 24. Suppose -3*x - z + 45 = q, q + 2*x = 41. What is the highest common factor of 5 and q?
5
Suppose -6*i = -37*i + 6293. Calculate the greatest common divisor of 87 and i.
29
Let a be (-2)/4*((-8)/2 + 4). Suppose a = -15*b + 18*b - 195. Suppose 4*u = o + 7*u - 17, 0 = 2*o + 5*u - 37. What is the greatest common factor of b and o?
13
Suppose 0 = -12*q + 18*q - 1020. Calculate the greatest common factor of q and 595.
85
Suppose 11*k - 12918 = -2358. What is the highest common divisor of 30 and k?
30
Suppose 1157 + 2119 = 84*o. Suppose -5*s + s - 73 = -5*r, 5*r = -4*s + 57. Calculate the highest common factor of o and r.
13
Let o(q) = -137*q - 1. Let s be o(-2). Let v be 43 - ((-33)/(-8) + 3/(-24)). What is the greatest common factor of v and s?
39
Suppose 10*t - 248 = -58. Calculate the greatest common divisor of 1 and t.
1
Let s = 126 + -87. Calculate the highest common divisor of s and 130.
13
Suppose -5*u = -3*t - 11, -4*t + 0*u = -4*u + 4. Suppose t*j = -3*n + 48, -5*j - 4*n = -9*j + 40. What is the highest common factor of j and 52?
13
Let a(m) = 23*m - 21. Let c be a(1). Calculate the greatest common factor of c and 142.
2
Suppose 4*u + 60 = a, -4*u + 96 = 2*a - 12. Let f(t) = -7*t - 189. Let i be f(-29). What is the greatest common factor of i and a?
14
Suppose -2*a - 2*u + 40 = 0, 2*u = -a + 17 + 3. Let t = -4101 + 4105. What is the highest common divisor of a and t?
4
Let n be (71/((-1562)/132))/((-6)/22). Calculate the greatest common factor of 781 and n.
11
Suppose 47*r - 36 = 35*r. Calculate the highest common factor of r and 5.
1
Let x = -446 - -614. Calculate the highest common divisor of 192 and x.
24
Suppose 4 = i, -5*i = -13*r + 16*r - 134. What is the greatest common factor of r and 2?
2
Let c = -480 + 526. Calculate the greatest common factor of 299 and c.
23
Suppose 163*w + 294 = 166*w. What is the highest common divisor of w and 56?
14
Let o be 2*1 - 0/(-3). Let s be (0 - 5)*(-3 + o). Suppose -3*g + s*g = -m + 5, -4*g = m - 3. What is the greatest common factor of m and 14?
7
Suppose 25 = 11*k - 6*k. Suppose 2*h - 7 = 3*h - 4*p, k*h + 4*p = 37. Calculate the greatest common factor of h and 25.
5
Let w(t) = 4*t**3 - 38*t**2 - 15*t + 7. Let c be w(10). Calculate the greatest common divisor of c and 152.
19
Suppose -4*n + 3*t + 56 = 0, 2*t = n + 3*t - 21. What is the highest common factor of 34 and n?
17
Suppose -18 = -5*z + 3*t + t, -3*z - 3*t = 0. Suppose 0 = -z*c - 8, -s = -c - 0*c - 6. Calculate the highest common factor of 4 and s.
2
Suppose 6*t - 155 = 3*t - 2*g, -2*t - g + 105 = 0. Calculate the highest common factor of t and 11.
11
Suppose 9*h - 44 = 28. Suppose m = 5, -3*z + 3*m = -8 - 1. What is the greatest common factor of z and h?
8
Let b(z) = -4*z + 115. Let t be b(25). Let c be 2 + 28 + 0/2. What is the highest common divisor of c and t?
15
Let r be ((-135)/(-90))/((-2)/(-68) - 0). What is the highest common factor of 102 and r?
51
Let t = -987 + 1547. What is the greatest common factor of t and 320?
80
Let w = 13 + -10. Suppose -w*n + 7 = -5*g - 9, 0 = -5*n - 5*g + 40. Suppose 0 = 5*b - n*b + 60. What is the highest common factor of b and 75?
15
Suppose 3*b = -0 + 6. Let n be 512/52 + 10/65. Suppose -b*j - 3*h - 3 = 0, h + n + 8 = 5*j. Calculate the greatest common divisor of 6 and j.
3
Let h = 120 - 116. Suppose 3 = x + 4*i - 6*i, -6 = -2*x - h*i. What is the highest common divisor of x and 2?
1
Suppose -68 = j - 3*j. Suppose j = 4*z - 70. Calculate the greatest common factor of z and 52.
26
Suppose 3*m = -y + 303, 5*m - 400 = -3*y + 513. What is the greatest common divisor of 45 and y?
9
Suppose 70 = d - 6*d. Let c = d - 13. Let x = -11 - c. What is the greatest common divisor of x and 24?
8
Let o(d) = -8*d**2 + 22*d + 2. Let s be o(2). Calculate the highest common factor of 266 and s.
14
Let i(l) = -3*l**2 - 15*l + 20. Let b be i(-4). Let v be (-1 + -1)*-65 + -2. Calculate the greatest common factor of b and v.
32
Suppose -22 = -3*q + 56. What is the highest common factor of 52 and q?
26
Let f(y) = y**3 + 6*y**2 - 2*y - 9. Let s be 8/3*15/(-10). Let d be f(s). What is the highest common factor of 217 and d?
31
Suppose 4*o = 3*p - 23, 4*p - 44 = 3*o - 4. Let s(b) = 9*b + p*b + 2 - 5 - 19*b. Let n be s(2). Calculate the greatest common factor of 6 and n.
3
Let j = -1618 + 3471. What is the greatest common divisor of j and 17?
17
Let v = 27 - 11. Let b = v - 10. Let i be b - (0 - -3) - 1. Calculate the greatest common divisor of i and 2.
2
Suppose -4*o + 24 = -2*o. Suppose -4*j + 108 = -o. Suppose 0 = -2*m + m + 20. What is the highest common divisor of j and m?
10
Let j = 2327 - 2281. What is the highest common factor of j and 4738?
46
Let h(u) = -u**2 + 29*u - 51. Let f be h(26). Calculate the greatest common divisor of f and 135.
27
Let u = -1713 + 1939. What is the highest common factor of u and 339?
113
Suppose 280 - 298 = -6*p. Calculate the highest common divisor of 87 and p.
3
Let o(q) = -5*q**3 + 6*q**2 + q + 57. Let i be o(-7). Calculate the highest common factor of 29 and i.
29
Let v(t) = -5*t + 1. Let b(q) = -2*q + 4. Let i be b(11). Let l be (1*2)/(12/i). Let j be v(l). Calculate the highest common divisor of 128 and j.
16
Suppose 3*o + 5*s = 34, s - 10 = -s. Suppose 4*m - 3*m = 5. Suppose -m*w + o*w + 12 = 0. What is the highest common factor of w and 66?
6
Let p = -270 + 478. Let w be (-2)/(-2) + (36 + -10 - 1). What is the greatest common factor of w and p?
26
Suppose -17*i + 268 = -13*i. Calculate the highest common factor of i and 737.
67
Let w be 8/(-10)*(-12 + -443). Suppose -9*v = 4*v - w. What is the greatest common factor of v and 8?
4
Let k(i) = i**2 - i - 8. Let v be k(-3). Suppose v + 8 = 6*n. Suppose 2*c - 30 = -c. What is the greatest common factor of c and n?
2
Let t be (0 + -1 + -1)*(-8 - 86). Calculate the greatest common divisor of 141